{"id":58,"date":"2022-03-06T15:12:31","date_gmt":"2022-03-06T14:12:31","guid":{"rendered":"http:\/\/my-sport-communication.com\/?page_id=58"},"modified":"2025-01-16T18:33:02","modified_gmt":"2025-01-16T17:33:02","slug":"mon-parcours","status":"publish","type":"page","link":"https:\/\/my-sport-communication.com\/?page_id=58","title":{"rendered":"Mon parcours"},"content":{"rendered":"\n<p class=\"has-text-align-center has-medium-font-size\" style=\"font-style:normal;font-weight:500\">J&rsquo;ai travaill\u00e9 durant 10 ans dans l&rsquo;industrie du sport, du c\u00f4t\u00e9 des annonceurs en tant que responsable marketing \/ communication, pour de grands groupes tels que Decathlon, Speedo ou Aqualung Group.<\/p>\n\n\n\n<p class=\"has-text-align-center has-medium-font-size\" style=\"font-style:normal;font-weight:500\">J&rsquo;ai g\u00e9r\u00e9 le sponsoring et l&rsquo;activation de ces derniers en collaborant entre autre avec des sportifs de haut niveau que se soit \u00e0 travers de la communication \u00e9v\u00e9nementielle, de la strat\u00e9gie d&rsquo;influence ou encore des actions de trade marketing (en magasin).<\/p>\n\n\n\n<div style=\"height:36px\" aria-hidden=\"true\" class=\"wp-block-spacer\"><\/div>\n\n\n\n<h4 class=\"wp-block-heading has-text-align-center\" style=\"font-size:24px;font-style:normal;font-weight:500\"><strong>Quelques unes de mes r\u00e9alisations<\/strong><\/h4>\n\n\n\n<div style=\"height:46px\" aria-hidden=\"true\" class=\"wp-block-spacer\"><\/div>\n\n\n\n<div class=\"wp-block-columns alignwide are-vertically-aligned-center is-style-default is-layout-flex wp-container-core-columns-is-layout-9d6595d7 wp-block-columns-is-layout-flex\">\n<div class=\"wp-block-column is-layout-flow wp-block-column-is-layout-flow\" style=\"flex-basis:64%\">\n<figure class=\"wp-block-video\"><video height=\"1920\" style=\"aspect-ratio: 3414 \/ 1920;\" width=\"3414\" controls src=\"https:\/\/my-sport-communication.com\/wp-content\/uploads\/2022\/03\/story-as3-8upo0snq_yOzdOTKM.mp4\"><\/video><\/figure>\n<\/div>\n\n\n\n<div class=\"wp-block-column is-layout-flow wp-block-column-is-layout-flow\" style=\"flex-basis:36%\"><div class=\"wp-block-image is-resized\">\n<figure class=\"aligncenter size-full\"><img loading=\"lazy\" decoding=\"async\" width=\"400\" height=\"400\" src=\"https:\/\/my-sport-communication.com\/wp-content\/uploads\/2022\/03\/46d586f203fae7180605f7a72fc5fffa.w400.h400.jpg\" alt=\"\" class=\"wp-image-284\" style=\"width:145px;height:auto\" srcset=\"https:\/\/my-sport-communication.com\/wp-content\/uploads\/2022\/03\/46d586f203fae7180605f7a72fc5fffa.w400.h400.jpg 400w, https:\/\/my-sport-communication.com\/wp-content\/uploads\/2022\/03\/46d586f203fae7180605f7a72fc5fffa.w400.h400-300x300.jpg 300w, https:\/\/my-sport-communication.com\/wp-content\/uploads\/2022\/03\/46d586f203fae7180605f7a72fc5fffa.w400.h400-150x150.jpg 150w\" sizes=\"auto, (max-width: 400px) 100vw, 400px\" \/><\/figure>\n<\/div>\n\n\n<p class=\"has-text-align-center\">Lancement et gestion du partenariat entre le CN Antibes et Aquasph\u00e8re<\/p>\n\n\n\n<p class=\"has-text-align-center\">Un v\u00e9ritable hub de R&amp;D o\u00f9 collabore la marque et les nageurs<\/p>\n\n\n\n<p class=\"has-text-align-center\"><\/p>\n<\/div>\n<\/div>\n\n\n\n<div class=\"wp-block-columns alignwide are-vertically-aligned-center is-style-haircut-lite-columns-overlap is-layout-flex wp-container-core-columns-is-layout-9d6595d7 wp-block-columns-is-layout-flex\">\n<div class=\"wp-block-column is-layout-flow wp-block-column-is-layout-flow\" style=\"flex-basis:64%\">\n<figure class=\"wp-block-video\"><video height=\"1080\" style=\"aspect-ratio: 1920 \/ 1080;\" width=\"1920\" controls poster=\"https:\/\/my-sport-communication.com\/wp-content\/uploads\/2022\/03\/IMG_3445-scaled.jpg\" src=\"https:\/\/my-sport-communication.com\/wp-content\/uploads\/2022\/03\/2022-aqualung-short-clip-scubazar-hyeres-v7-35mbts-qzlzfvha_BFJH5s7f.mp4\"><\/video><\/figure>\n<\/div>\n\n\n\n<div class=\"wp-block-column is-layout-flow wp-block-column-is-layout-flow\" style=\"flex-basis:36%\"><div class=\"wp-block-image is-resized\">\n<figure class=\"aligncenter size-large\"><img loading=\"lazy\" decoding=\"async\" width=\"1024\" height=\"225\" src=\"https:\/\/my-sport-communication.com\/wp-content\/uploads\/2022\/03\/Logotype_AQUALUNG_highres-1024x225.jpg\" alt=\"\" class=\"wp-image-291\" style=\"width:237px;height:auto\" srcset=\"https:\/\/my-sport-communication.com\/wp-content\/uploads\/2022\/03\/Logotype_AQUALUNG_highres-1024x225.jpg 1024w, https:\/\/my-sport-communication.com\/wp-content\/uploads\/2022\/03\/Logotype_AQUALUNG_highres-300x66.jpg 300w, https:\/\/my-sport-communication.com\/wp-content\/uploads\/2022\/03\/Logotype_AQUALUNG_highres-768x169.jpg 768w, https:\/\/my-sport-communication.com\/wp-content\/uploads\/2022\/03\/Logotype_AQUALUNG_highres-1536x337.jpg 1536w, https:\/\/my-sport-communication.com\/wp-content\/uploads\/2022\/03\/Logotype_AQUALUNG_highres-2048x450.jpg 2048w\" sizes=\"auto, (max-width: 1024px) 100vw, 1024px\" \/><\/figure>\n<\/div>\n\n\n<p class=\"has-text-align-center\"><strong>Directrice marketing France<\/strong><\/p>\n\n\n\n<p class=\"has-text-align-center\">Gestion des ambassadeurs pour les 5 marques du groupes.<\/p>\n\n\n\n<p class=\"has-text-align-center\">Lancement du premier Shop in Shop Aqualung (Vid\u00e9o)<\/p>\n\n\n\n<p class=\"has-text-align-center\">Elaboration et ex\u00e9cution du plan d\u2019action marketing pour les 5 marques du groupes<\/p>\n<\/div>\n<\/div>\n\n\n\n<div class=\"wp-block-columns alignwide are-vertically-aligned-center is-style-haircut-lite-columns-overlap is-layout-flex wp-container-core-columns-is-layout-9d6595d7 wp-block-columns-is-layout-flex\">\n<div class=\"wp-block-column is-layout-flow wp-block-column-is-layout-flow\" style=\"flex-basis:64%\">\n<figure class=\"wp-block-embed is-type-video is-provider-dailymotion wp-block-embed-dailymotion wp-embed-aspect-16-9 wp-has-aspect-ratio\"><div class=\"wp-block-embed__wrapper\">\n<iframe loading=\"lazy\" title=\"Florent Manaudou, la nouvelle star des bassins\" frameborder=\"0\" width=\"500\" height=\"281\" src=\"https:\/\/geo.dailymotion.com\/player.html?video=x260uio&#038;\" allowfullscreen allow=\"autoplay; fullscreen; picture-in-picture; web-share\"><\/iframe>\n<\/div><\/figure>\n<\/div>\n\n\n\n<div class=\"wp-block-column is-layout-flow wp-block-column-is-layout-flow\" style=\"flex-basis:36%\"><div class=\"wp-block-image is-resized\">\n<figure class=\"aligncenter size-full\"><img loading=\"lazy\" decoding=\"async\" width=\"305\" height=\"165\" src=\"https:\/\/my-sport-communication.com\/wp-content\/uploads\/2022\/03\/telechargement.png\" alt=\"\" class=\"wp-image-287\" style=\"width:124px;height:auto\" srcset=\"https:\/\/my-sport-communication.com\/wp-content\/uploads\/2022\/03\/telechargement.png 305w, https:\/\/my-sport-communication.com\/wp-content\/uploads\/2022\/03\/telechargement-300x162.png 300w\" sizes=\"auto, (max-width: 305px) 100vw, 305px\" \/><\/figure>\n<\/div>\n\n\n<p class=\"has-text-align-center\" style=\"font-style:normal;font-weight:600\">Sponsoring Florent Manaudou<\/p>\n\n\n\n<p class=\"has-text-align-center\">Activation du sponsoring au magasin Intersport Rivoli pour le lancement du programme Get Speedo fit<\/p>\n\n\n\n<p class=\"has-text-align-center\"><\/p>\n<\/div>\n<\/div>\n\n\n\n<div class=\"wp-block-columns alignwide are-vertically-aligned-center is-style-haircut-lite-columns-overlap is-layout-flex wp-container-core-columns-is-layout-9d6595d7 wp-block-columns-is-layout-flex\">\n<div class=\"wp-block-column is-layout-flow wp-block-column-is-layout-flow\" style=\"flex-basis:64%\">\n<figure class=\"wp-block-embed is-type-video is-provider-youtube wp-block-embed-youtube wp-embed-aspect-16-9 wp-has-aspect-ratio\"><div class=\"wp-block-embed__wrapper\">\n<iframe loading=\"lazy\" title=\"Get Speedo Fit - Florent Manaudou - Crawl, Mouvement des bras\" width=\"500\" height=\"281\" src=\"https:\/\/www.youtube.com\/embed\/GmsBFZSib8A?feature=oembed\" frameborder=\"0\" allow=\"accelerometer; autoplay; clipboard-write; encrypted-media; gyroscope; picture-in-picture; web-share\" referrerpolicy=\"strict-origin-when-cross-origin\" allowfullscreen><\/iframe>\n<\/div><\/figure>\n<\/div>\n\n\n\n<div class=\"wp-block-column is-layout-flow wp-block-column-is-layout-flow\" style=\"flex-basis:36%\"><div class=\"wp-block-image is-resized\">\n<figure class=\"aligncenter size-full\"><img loading=\"lazy\" decoding=\"async\" width=\"305\" height=\"165\" src=\"https:\/\/my-sport-communication.com\/wp-content\/uploads\/2022\/03\/telechargement.png\" alt=\"\" class=\"wp-image-287\" style=\"width:131px;height:auto\" srcset=\"https:\/\/my-sport-communication.com\/wp-content\/uploads\/2022\/03\/telechargement.png 305w, https:\/\/my-sport-communication.com\/wp-content\/uploads\/2022\/03\/telechargement-300x162.png 300w\" sizes=\"auto, (max-width: 305px) 100vw, 305px\" \/><\/figure>\n<\/div>\n\n\n<p class=\"has-text-align-center\" style=\"font-style:normal;font-weight:600\">Gestion du sponsoring de Florent Manaudou<\/p>\n\n\n\n<p class=\"has-text-align-center\">Cr\u00e9ation de vid\u00e9os tutoriels de conseils natation, cr\u00e9ation de contenus social m\u00e9dia, journ\u00e9e presse  <\/p>\n\n\n\n<p class=\"has-text-align-center\"><\/p>\n<\/div>\n<\/div>\n\n\n\n<div class=\"wp-block-columns alignwide are-vertically-aligned-center is-layout-flex wp-container-core-columns-is-layout-9d6595d7 wp-block-columns-is-layout-flex\">\n<div class=\"wp-block-column is-layout-flow wp-block-column-is-layout-flow\" style=\"flex-basis:64%\">\n<figure class=\"wp-block-video aligncenter\"><video height=\"720\" style=\"aspect-ratio: 1280 \/ 720;\" width=\"1280\" controls poster=\"https:\/\/my-sport-communication.com\/wp-content\/uploads\/2022\/03\/team-press-event.jpg\" src=\"https:\/\/my-sport-communication.com\/wp-content\/uploads\/2022\/03\/kalenji-test3.1.mp4\"><\/video><\/figure>\n<\/div>\n\n\n\n<div class=\"wp-block-column is-layout-flow wp-block-column-is-layout-flow\" style=\"flex-basis:36%\"><div class=\"wp-block-image is-resized\">\n<figure class=\"aligncenter size-large\"><img loading=\"lazy\" decoding=\"async\" width=\"1024\" height=\"230\" src=\"https:\/\/my-sport-communication.com\/wp-content\/uploads\/2022\/03\/logo-kalenji-2-2-1024x230.jpg\" alt=\"\" class=\"wp-image-254\" style=\"width:285px;height:auto\" srcset=\"https:\/\/my-sport-communication.com\/wp-content\/uploads\/2022\/03\/logo-kalenji-2-2-1024x230.jpg 1024w, https:\/\/my-sport-communication.com\/wp-content\/uploads\/2022\/03\/logo-kalenji-2-2-300x67.jpg 300w, https:\/\/my-sport-communication.com\/wp-content\/uploads\/2022\/03\/logo-kalenji-2-2-768x172.jpg 768w, https:\/\/my-sport-communication.com\/wp-content\/uploads\/2022\/03\/logo-kalenji-2-2.jpg 1200w\" sizes=\"auto, (max-width: 1024px) 100vw, 1024px\" \/><\/figure>\n<\/div>\n\n\n<p class=\"has-text-align-center\" style=\"font-style:normal;font-weight:500\"><strong>Responsable relation presse Decathlon UK<\/strong><\/p>\n\n\n\n<p class=\"has-text-align-center\" style=\"font-style:normal;font-weight:500\">Journ\u00e9e presse \u00e0 Londres pour le lancement de la nouvelle gamme Kiprun de Kalenji<\/p>\n\n\n\n<p class=\"has-text-align-center\">Invitation de la presse sp\u00e9cialis\u00e9e running 25 journalistes pr\u00e9sents + signature partenariat avec Runner&rsquo;s world<\/p>\n<\/div>\n<\/div>\n\n\n\n<div class=\"wp-block-columns alignwide are-vertically-aligned-center is-style-haircut-lite-columns-overlap is-layout-flex wp-container-core-columns-is-layout-9d6595d7 wp-block-columns-is-layout-flex\">\n<div class=\"wp-block-column is-layout-flow wp-block-column-is-layout-flow\" style=\"flex-basis:64%\">\n<figure class=\"wp-block-embed is-type-video is-provider-youtube wp-block-embed-youtube wp-embed-aspect-16-9 wp-has-aspect-ratio\"><div class=\"wp-block-embed__wrapper\">\n<iframe loading=\"lazy\" title=\"Yannick Agnel becomes Nabaiji&#039;s technical partner.\" width=\"500\" height=\"281\" src=\"https:\/\/www.youtube.com\/embed\/VJvxmo1OPF4?feature=oembed\" frameborder=\"0\" allow=\"accelerometer; autoplay; clipboard-write; encrypted-media; gyroscope; picture-in-picture; web-share\" referrerpolicy=\"strict-origin-when-cross-origin\" allowfullscreen><\/iframe>\n<\/div><\/figure>\n<\/div>\n\n\n\n<div class=\"wp-block-column is-layout-flow wp-block-column-is-layout-flow\" style=\"flex-basis:36%\"><div class=\"wp-block-image is-resized\">\n<figure class=\"aligncenter size-full\"><img loading=\"lazy\" decoding=\"async\" width=\"1013\" height=\"200\" src=\"https:\/\/my-sport-communication.com\/wp-content\/uploads\/2022\/03\/NABAIJI.png\" alt=\"\" class=\"wp-image-272\" style=\"width:182px;height:auto\" srcset=\"https:\/\/my-sport-communication.com\/wp-content\/uploads\/2022\/03\/NABAIJI.png 1013w, https:\/\/my-sport-communication.com\/wp-content\/uploads\/2022\/03\/NABAIJI-300x59.png 300w, https:\/\/my-sport-communication.com\/wp-content\/uploads\/2022\/03\/NABAIJI-768x152.png 768w\" sizes=\"auto, (max-width: 1013px) 100vw, 1013px\" \/><\/figure>\n<\/div>\n\n\n<p class=\"has-text-align-center\" style=\"font-style:normal;font-weight:500\">Gestion du partenariat technique de Yannick Agnel<\/p>\n\n\n\n<p class=\"has-text-align-center\">R\u00e9alisation de Pub TV, RP, activation sur les r\u00e9seaux sociaux et newsletter<\/p>\n<\/div>\n<\/div>\n\n\n\n<div class=\"wp-block-columns alignwide are-vertically-aligned-center is-style-haircut-lite-columns-overlap is-layout-flex wp-container-core-columns-is-layout-9d6595d7 wp-block-columns-is-layout-flex\">\n<div class=\"wp-block-column is-layout-flow wp-block-column-is-layout-flow\" style=\"flex-basis:64%\">\n<figure class=\"wp-block-video aligncenter\"><video height=\"720\" style=\"aspect-ratio: 1280 \/ 720;\" width=\"1280\" controls poster=\"https:\/\/my-sport-communication.com\/wp-content\/uploads\/2022\/03\/big-summer-splash-launch-event.jpg\" src=\"https:\/\/my-sport-communication.com\/wp-content\/uploads\/2022\/03\/SwimTour_Re-Edit_v1_5000Kbps_720p.mp4\"><\/video><\/figure>\n<\/div>\n\n\n\n<div class=\"wp-block-column is-layout-flow wp-block-column-is-layout-flow\" style=\"flex-basis:36%\"><div class=\"wp-block-image is-resized\">\n<figure class=\"aligncenter size-full\"><img loading=\"lazy\" decoding=\"async\" width=\"620\" height=\"330\" src=\"https:\/\/my-sport-communication.com\/wp-content\/uploads\/2022\/03\/Decathlon.CO_.UK-logo-no-baseline-RGB-620x330-2.png\" alt=\"\" class=\"wp-image-230\" style=\"width:254px;height:auto\" srcset=\"https:\/\/my-sport-communication.com\/wp-content\/uploads\/2022\/03\/Decathlon.CO_.UK-logo-no-baseline-RGB-620x330-2.png 620w, https:\/\/my-sport-communication.com\/wp-content\/uploads\/2022\/03\/Decathlon.CO_.UK-logo-no-baseline-RGB-620x330-2-300x160.png 300w\" sizes=\"auto, (max-width: 620px) 100vw, 620px\" \/><\/figure>\n<\/div>\n\n\n<p class=\"has-text-align-center\" style=\"font-style:normal;font-weight:500\">Organisation du BIG summer splash \u00e0 Londres pour DECATHLON UK durant l&rsquo;\u00e9t\u00e9 2013<\/p>\n\n\n\n<p class=\"has-text-align-center\">Apprentissage de la natation et water polo en partenariat avec Speedo <\/p>\n<\/div>\n<\/div>\n\n\n\n<div class=\"wp-block-columns alignwide are-vertically-aligned-center is-style-haircut-lite-columns-overlap is-layout-flex wp-container-core-columns-is-layout-9d6595d7 wp-block-columns-is-layout-flex\">\n<div class=\"wp-block-column is-layout-flow wp-block-column-is-layout-flow\" style=\"flex-basis:64%\">\n<figure class=\"wp-block-embed is-type-video is-provider-youtube wp-block-embed-youtube wp-embed-aspect-16-9 wp-has-aspect-ratio\"><div class=\"wp-block-embed__wrapper\">\n<iframe loading=\"lazy\" title=\"Lancement de la plaine des sports \u00e0 Decathlon Saint Pierre\" width=\"500\" height=\"281\" src=\"https:\/\/www.youtube.com\/embed\/kBbF08OgLFc?feature=oembed\" frameborder=\"0\" allow=\"accelerometer; autoplay; clipboard-write; encrypted-media; gyroscope; picture-in-picture; web-share\" referrerpolicy=\"strict-origin-when-cross-origin\" allowfullscreen><\/iframe>\n<\/div><\/figure>\n<\/div>\n\n\n\n<div class=\"wp-block-column is-layout-flow wp-block-column-is-layout-flow\" style=\"flex-basis:36%\"><div class=\"wp-block-image is-resized\">\n<figure class=\"aligncenter size-full\"><img loading=\"lazy\" decoding=\"async\" width=\"800\" height=\"246\" src=\"https:\/\/my-sport-communication.com\/wp-content\/uploads\/2022\/03\/logo_decathlon_reunion_hd.webp\" alt=\"\" class=\"wp-image-279\" style=\"width:244px;height:auto\" srcset=\"https:\/\/my-sport-communication.com\/wp-content\/uploads\/2022\/03\/logo_decathlon_reunion_hd.webp 800w, https:\/\/my-sport-communication.com\/wp-content\/uploads\/2022\/03\/logo_decathlon_reunion_hd-300x92.webp 300w, https:\/\/my-sport-communication.com\/wp-content\/uploads\/2022\/03\/logo_decathlon_reunion_hd-768x236.webp 768w\" sizes=\"auto, (max-width: 800px) 100vw, 800px\" \/><\/figure>\n<\/div>\n\n\n<p class=\"has-text-align-center\">Inauguration de la plaine des sports du 3\u00e8me plus gros Decathlon monde: Decathlon St Pierre<\/p>\n\n\n\n<p class=\"has-text-align-center\"><\/p>\n<\/div>\n<\/div>\n\n\n\n<p><\/p>\n\n\n\n<p><\/p>\n","protected":false},"excerpt":{"rendered":"<p>J&rsquo;ai travaill\u00e9 durant 10 ans dans l&rsquo;industrie du sport, du c\u00f4t\u00e9 des annonceurs en tant que responsable marketing \/ communication, pour de grands groupes tels que Decathlon, Speedo ou Aqualung Group. J&rsquo;ai g\u00e9r\u00e9 le sponsoring et l&rsquo;activation de ces derniers en collaborant entre autre avec des sportifs de haut niveau que se soit \u00e0 travers [&hellip;]<\/p>\n","protected":false},"author":1,"featured_media":0,"parent":0,"menu_order":0,"comment_status":"closed","ping_status":"closed","template":"","meta":{"footnotes":""},"class_list":["post-58","page","type-page","status-publish","hentry"],"_links":{"self":[{"href":"https:\/\/my-sport-communication.com\/index.php?rest_route=\/wp\/v2\/pages\/58","targetHints":{"allow":["GET"]}}],"collection":[{"href":"https:\/\/my-sport-communication.com\/index.php?rest_route=\/wp\/v2\/pages"}],"about":[{"href":"https:\/\/my-sport-communication.com\/index.php?rest_route=\/wp\/v2\/types\/page"}],"author":[{"embeddable":true,"href":"https:\/\/my-sport-communication.com\/index.php?rest_route=\/wp\/v2\/users\/1"}],"replies":[{"embeddable":true,"href":"https:\/\/my-sport-communication.com\/index.php?rest_route=%2Fwp%2Fv2%2Fcomments&post=58"}],"version-history":[{"count":89,"href":"https:\/\/my-sport-communication.com\/index.php?rest_route=\/wp\/v2\/pages\/58\/revisions"}],"predecessor-version":[{"id":1027,"href":"https:\/\/my-sport-communication.com\/index.php?rest_route=\/wp\/v2\/pages\/58\/revisions\/1027"}],"wp:attachment":[{"href":"https:\/\/my-sport-communication.com\/index.php?rest_route=%2Fwp%2Fv2%2Fmedia&parent=58"}],"curies":[{"name":"wp","href":"https:\/\/api.w.org\/{rel}","templated":true}]}}